and t.
23
Suppose 9*d = 61 + 2. Let t be -10 + 3 - (-20 + d). Calculate the highest common divisor of 66 and t.
6
Let t be ((-44)/(-7))/(161/7889). Calculate the greatest common factor of 84 and t.
28
Let o(d) = 51*d**2 + 7*d. Let n be o(-1). What is the greatest common factor of n and 374?
22
Suppose 5*r - 4*u = 25, r = -0*r - 3*u + 5. Let b be (11/r - 3)*-30. Let c = 49 - b. Calculate the greatest common divisor of c and 10.
5
Suppose 12*d - 9*d + 35*d = 162336. What is the greatest common divisor of d and 144?
48
Suppose 5*u - 515 = -4*k, 608 = 5*k + 2*u - 40. Let g = k - 103. Suppose -297 = -2*m + m. Calculate the highest common divisor of g and m.
27
Let f = -16509 + 16515. What is the greatest common factor of 552 and f?
6
Let l be ((-352)/(-132))/((-4)/6). Let n be (-65)/20*l*1. Calculate the highest common divisor of n and 104.
13
Suppose -n + 20 - 2 = -2*a, 2*a + 42 = 2*n. Let f be ((5 - 0)/(-5))/((-1)/1536). Calculate the greatest common factor of n and f.
24
Let n = -312 - -345. What is the greatest common factor of 1243 and n?
11
Suppose 968*x = 984*x - 992. Calculate the highest common divisor of x and 10.
2
Let n be -1 - (-14 + 20/2) - (-123 - 0). Calculate the highest common factor of 2520 and n.
126
Suppose -29*j = -j - 448. Let d(p) = -10*p + 184. Let o be d(j). Calculate the highest common factor of 48 and o.
24
Let s be ((-9)/(-4))/((-1)/(-8)). Let d = -303 + 366. Calculate the greatest common divisor of d and s.
9
Let b(l) = 4*l**2 - 10*l + 24. Let t be b(6). Calculate the highest common divisor of t and 84.
12
Suppose 142*z - 145*z = -27. Suppose -z*l - 53 = -557. What is the greatest common factor of l and 16?
8
Let q = 67772 - 67743. Suppose -2*x + 5*x = -b + 484, -1987 = -4*b + 5*x. Calculate the greatest common divisor of q and b.
29
Let w be -2 - (-5 + -24 + -3). Let g be 20/w*(7 + -1). Calculate the greatest common divisor of g and 56.
4
Let g be (11000/(-25))/5*(50/4)/(-5). Calculate the highest common factor of g and 1628.
44
Let c = -11386 - -11932. Let o = 64 - 43. What is the highest common factor of o and c?
21
Suppose -5*m + 3*h + 88 + 227 = 0, -2*m - 2*h + 142 = 0. Calculate the highest common factor of 36 and m.
6
Suppose 4*i = -5*u + 827, 3*u - 813 = 355*i - 359*i. What is the greatest common divisor of i and 55?
11
Suppose 35 = 5*r + 20. Suppose -r*w + 6 = -6. Suppose w*h - y - 1026 = -133, -y + 899 = 4*h. Calculate the highest common factor of 32 and h.
32
Suppose 214*k - 63*k + 26*k = 143370. What is the greatest common factor of k and 1770?
30
Let z(w) be the first derivative of 7*w**2/2 - 117*w - 181. Let a be z(17). What is the greatest common factor of a and 37?
1
Suppose i + 53 = 3*j, -39 = j + i - 54. Suppose -392 = -11*n - j*n. What is the greatest common factor of n and 105?
7
Let a be (392/6)/((-1)/(-3)). Let y(r) = 4*r**2 + 2*r + 7. Let b be y(-2). Let f = b - -9. What is the highest common divisor of f and a?
28
Suppose -2*x = 4*k - 77 + 19, -2*x = -k - 83. Suppose 26 = w - 4*i + 6*i, 4*w - 5*i = x. What is the greatest common factor of 64 and w?
16
Suppose -90507 = -37*y + 329073. Calculate the highest common divisor of y and 140.
140
Suppose -14*i = -15*i + 10. Let w be (14 - i)/(3*(-2)/(-6)). Suppose 0 = 5*y - 4*h - 76, -w*y = -4*h - 7 - 57. What is the highest common divisor of 6 and y?
6
Suppose -4*p = k + 61 - 260, 2*k - 158 = -3*p. What is the greatest common factor of p and 3856?
16
Suppose -4*g + 9*g = -30, 5*f + g = 1644. Calculate the highest common factor of 561 and f.
33
Suppose -z - 3*p + 63 = -37, -3*p = 3*z - 276. Suppose 4*r = l - z, -2*l + r = -4*r - 191. Calculate the highest common factor of 270 and l.
54
Let x be -8*2/(-8) - -24. Suppose 9*v = 22*v - x. Suppose -2*g = 4*p - 0*g - 98, -2*g - 94 = -4*p. Calculate the highest common factor of p and v.
2
Suppose 0 = -5*l + 3*l + 10, 0 = -r + l + 1032. What is the highest common divisor of r and 122?
61
Let f = 4 + -1. Suppose -5*x + f*j = -255, j - 56 - 131 = -4*x. Calculate the greatest common divisor of 72 and x.
24
Let r be 28/(-12)*(-1*126)/6. Calculate the greatest common divisor of 8281 and r.
49
Let y be (0 - -1) + 5/5. Let z be (-1)/(y/(-20)) - (-46 + 50). Suppose -220 = d - z*d. Calculate the highest common factor of d and 33.
11
Suppose 7*i - 13*i = -2202. Suppose 4*z = -303 + i. Calculate the highest common factor of z and 56.
8
Let r be (24/(-12))/(((-8)/(-10))/(-2)). Suppose 0 = -5*v + r*l + 55, 2*l = v - 21 + 8. What is the greatest common factor of v and 5?
1
Let b be (1464/126 - (-12)/(-9))/((-4)/(-84)). Calculate the highest common factor of 40 and b.
8
Let i(d) = d**3 + 34*d**2 + 131*d - 217. Let v be i(-28). What is the greatest common factor of v and 126?
63
Suppose -5*p + 80 - 35 = 0. Suppose p*j = -j + 140. What is the highest common factor of 91 and j?
7
Let c(j) = 2*j**3 - 19*j**2 - 25*j - 18. Suppose 6*q + 110 = 16*q. Let w be c(q). What is the greatest common divisor of 10 and w?
10
Let k = -130 + 176. Let d = k - 38. Suppose 6 = 5*x - 14. Calculate the highest common divisor of x and d.
4
Suppose -5*p + 106 = 2*q, 4*p - 4*q = 45 + 51. Let f = -74 - -151. Calculate the greatest common factor of p and f.
11
Let q be (0 + -3)/(4093/512 + -8). What is the greatest common divisor of 8 and q?
8
Let r(f) = -51*f**2 + 12*f + 7. Let o be r(-2). Let c = 285 + o. What is the greatest common divisor of 704 and c?
64
Let z = 51 + -377. Let t = 606 + z. Calculate the greatest common divisor of 35 and t.
35
Suppose 12 = -6*l + 36. Suppose -3*y = -l*s + 189, -4*y + 3*y + 42 = s. What is the highest common factor of 9 and s?
9
Let w = -1483 + 1575. What is the greatest common factor of w and 64?
4
Suppose 4*w - 528 = -2*o + 204, 0 = 4*o - 3*w - 1497. Calculate the greatest common divisor of o and 120.
12
Let y = 197 - 125. Suppose m - 5*m = z - 161, 4*z = 2*m - 76. Let f be (y/m)/(9/60). What is the highest common factor of f and 3?
3
Let f(w) = -w**2 - 5*w + 756. Let t be f(25). Calculate the highest common divisor of t and 75.
3
Let p be (-180)/(-150)*(0 - -5*1) + 45. What is the greatest common factor of p and 8874?
51
Suppose -7787 = -14*p + 46267. Calculate the greatest common factor of p and 198.
99
Let k = 3 - -39. Let d(q) = -108*q - 58. Let z be d(-3). Calculate the highest common divisor of z and k.
14
Suppose -5*x - 272 = 2*i + i, 216 = -4*x - 4*i. Let n be (x/10)/(2/(-28)). Suppose 0*g - 140 = -5*g - 15*g. Calculate the highest common divisor of n and g.
7
Let x = -2814 - -11425. Calculate the highest common divisor of x and 79.
79
Let i(r) = 28*r**2 - 3*r - 13. Suppose 5*t - 10*t + 5*l - 20 = 0, -5*t - 5*l = 30. Let s be i(t). What is the greatest common factor of 54 and s?
54
Let p be -14 + 9 - 0 - 2336/(0 + -1). Calculate the highest common factor of p and 111.
111
Suppose -q - l - 37 = 2*l, -2*l - 97 = 3*q. Let t = -35 - q. Let g be 1 - (-7 - -2 - t). What is the greatest common factor of g and 22?
2
Let m = 5635 + 5579. What is the greatest common factor of m and 14?
14
Let b(q) = q**2 - 5*q - 2. Let s = 16 - 10. Let n be b(s). Let g be 190/n + (-1)/(-2). Calculate the greatest common factor of g and 6.
6
Let f(l) = 2*l**2 + 11*l + 6. Let q be f(5). Suppose -2*c + 37 = 3*v - 415, -2*v - 4*c + 312 = 0. Calculate the greatest common divisor of q and v.
37
Let r = 29 + -24. Let u(o) = 19*o + 1434. Let n be u(-75). Calculate the highest common factor of n and r.
1
Let u(i) = i**3 - 7*i**2 - 10*i + 19. Let a be u(8). Let d = 326 + -248. Calculate the highest common divisor of d and a.
3
Let w = 7978 - 7847. What is the highest common factor of w and 1572?
131
Let f(c) = -447*c**2 - 960*c + 1. Let u be f(-2). Suppose -4*g + 19 = q, -2*q - 2*g = -7*q + 95. What is the highest common divisor of q and u?
19
Suppose 32*o = 29*o + 150. What is the highest common factor of 560 and o?
10
Suppose -3*d - 630 = -8*d. Let x be 144/d*28/2. Suppose -8 + 808 = 5*m. Calculate the greatest common factor of x and m.
16
Let s be 585056/70 + 282/4935. What is the greatest common divisor of s and 126?
42
Let k be (-11)/(((-20)/(-16))/(-5)). Let t = k - 16. Let p be ((-63)/49 - 3)*t/(-6). Calculate the highest common divisor of p and 220.
20
Suppose -13*g = -49*g + 432. Let y(z) = 3*z - 20. Let h be y(g). What is the high